62144 = -3*u + 5*o. What is the hundreds digit of u?
7
Let l be 4 + (-10 - -9 - -1*654). Let x = 218 + l. What is the hundreds digit of x?
8
Let r(h) = 4*h**2 - 5*h + 78. Let a be r(-13). Suppose -a - 818 = -2*l - x, x + 817 = l. What is the hundreds digit of l?
8
Suppose -n - 4*f + 595 = -153, 5*n + f - 3778 = 0. Let x = n - 378. What is the hundreds digit of x?
3
Let m(s) = 5 + 5 + 3*s - 10. Let c be m(2). Suppose -7*o + 65 = -c*o. What is the tens digit of o?
6
Let o = -54 + -61. Let n(u) = -22*u + 781. Let y be n(39). Let h = y - o. What is the tens digit of h?
3
Let z(s) = -560*s**3 + 3*s**2 - 6*s - 22. What is the units digit of z(-2)?
2
Let b be (-1)/(-2) + (-99)/(-2). Suppose -456 = -13*f - 6*f. Let w = b - f. What is the tens digit of w?
2
What is the tens digit of (256/24)/(2/804)*(-966)/(-138)?
1
Suppose 4551212 - 1516916 = 68*l. What is the hundreds digit of l?
6
Let i = 90163 + -64298. What is the ten thousands digit of i?
2
Let h(j) = j**2 - 2*j - 5. Let z be h(4). Let t = z + -8. Let l(r) = r**3 + 7*r**2 + 3*r + 9. What is the tens digit of l(t)?
4
Let s = -16931 + 28808. What is the tens digit of s?
7
Let f be 3/(-2) + (-6259)/(-2). Let r be (f/(-22))/(-1) + 6/(-33). Suppose 4*w + 451 = 4*q - 77, r = q + 4*w. What is the tens digit of q?
3
Let g(j) = -16456*j - 34. What is the tens digit of g(-1)?
2
Suppose 9*y - 4*y - 15 = 0. Suppose 0 = y*t - t - 4. Suppose -t*x = -10, 5*o + 2*x = 27 + 248. What is the units digit of o?
3
Suppose k + 365 = -0*k + x, 0 = 4*k + 2*x + 1466. Let u be -7 - k/54 - (-508)/18. What is the units digit of 3100/u + ((-10)/14 - -1)?
1
Suppose 0 = -u + 3*g + 1202, 1113 + 1281 = 2*u + 4*g. What is the units digit of u?
9
Let r(g) = -57*g**3 + 3*g**2 - g - 10. Suppose 4*d + 20 = 0, 5*d + 1 + 18 = 3*v. What is the units digit of r(v)?
0
Suppose -63*x = -65*x + 338. Suppose -3*o - 2*q + 133 + x = 0, -5*q = -3*o + 274. What is the units digit of o?
8
Let k be 0 + -2 + (-5 - 1). Let v be k/(1/(-2) + 0). Let d = 17 + v. What is the units digit of d?
3
Suppose -94 = -4*y - 5*u, 4 = -y + 5*u + 40. Let w(o) = 4*o - 86. What is the tens digit of w(y)?
1
Let l(y) be the first derivative of -y**4/4 + y**3/3 - y**2 + 441*y - 56. What is the units digit of l(0)?
1
Let b(s) be the first derivative of -s**3/3 - 21*s**2/2 + 8*s - 3. Suppose -8*r = 5*r + 221. What is the units digit of b(r)?
6
Let h(c) = -9*c**2 - 48. Let f be h(9). Let i = f - -1180. What is the units digit of i?
3
Let j = 56600 - 37480. What is the units digit of 30/(-42) + j/14?
5
Let m be (-113 - -5) + 0 + 3. Suppose -o = -c - 215, -3*o + 5*c + 970 = 317. Let l = o + m. What is the hundreds digit of l?
1
Let o = -56 - -111. What is the units digit of (-132)/o*(-15)/2?
8
Let k be 20*(-5 + 168/32). Suppose 3*c = -4*i + 1566, -75 = -c + k*i + 428. What is the units digit of c?
8
Suppose -3*d - 172812 = -3*r, -2*r + 20370 + 94859 = -5*d. What is the thousands digit of r?
7
Let i(t) = 44*t - 1. Let g be i(-5). Let l = -56 - g. Suppose -5*a + l = -5*d, d + 2*d = a - 33. What is the tens digit of a?
3
Let z(y) = y**3 + 41*y**2 - 156*y - 72. What is the units digit of z(-42)?
6
Let q = -10841 - -23861. What is the thousands digit of q?
3
Suppose 4695 + 3905 = 20*o. Let v = 205 + o. What is the tens digit of v?
3
What is the thousands digit of 34 + -17 + 20963 + -4?
0
Suppose -2*b - 3*b - 10 = 0. Let d be (b + (-91)/2)*-2. Suppose -5*f - 7*v + d = -3*v, f = -2*v + 25. What is the units digit of f?
5
Let h be -1 + ((-1)/4)/(5/(-1940)). Let v = h + -87. What is the units digit of v?
9
Let o(y) = 895*y**3 + 4*y - 4. Let m(r) = 11*r - 142. Let f be m(13). What is the tens digit of o(f)?
9
Let u = 16 + -12. Suppose 0*i + i = u. Suppose -2*o - 4*k = -0*k - 104, -4*o = -i*k - 232. What is the units digit of o?
6
Let k(r) = r**2 + 11*r + 2. Let b = 0 + 17. Let s be (-1)/(0 - (-1)/b). What is the hundreds digit of k(s)?
1
Let t be 87/27 + (-4)/18. Suppose 0 = t*v - 3*j - 15, -2*j + 0*j - 16 = -4*v. Let k(h) = -3*h + 18. What is the units digit of k(v)?
9
Suppose n + 2*n + 4*y = 10, -n = 3*y + 5. Suppose 5*i + 70 = 2*b, -4*i + i = -5*b + 23. What is the tens digit of (i/n)/(2 + 336/(-165))?
4
Suppose -2*d + 2 = -10. Let i be -3 + 0/(-3) - (-54)/d. What is the tens digit of (8/i)/(1380/(-198) - -7)?
4
Let v(y) = -y**3 + 10*y**2 - 19*y + 25. Let a be v(8). What is the thousands digit of ((-490)/(-392))/(1321/1320 - a)?
1
Suppose -254393 = -18*u + 142597. What is the ten thousands digit of u?
2
Let f be (13 - (5 - 7)) + -5. Let t be 9/27 - f/(-6). Suppose 8*j - 3*j - v = 527, -5*v = t*j - 227. What is the tens digit of j?
0
Suppose -18*d = -16*d - 4. Suppose -l + 777 = 2*i, -3*i + d*i + 3*l + 371 = 0. Suppose 4*h - 5*j - i = -71, 5*j = -3*h + 280. What is the units digit of h?
5
Let y(b) = 807*b**2 + 222*b - 1956. What is the thousands digit of y(8)?
1
Let w(j) = j**2 - 10*j. Let y be w(10). Suppose -2*c - c = 0. What is the units digit of c + 77 + 3 + y?
0
Let h be 24 - ((-16)/10)/((-22)/(-55)). What is the tens digit of ((-4)/38 - 14949/(-684))*h?
0
Let a = -79027 - -124369. What is the units digit of a?
2
What is the ten thousands digit of ((-825708)/134)/(2 + 91/(-44))?
9
Suppose z - 20 = -3*z. Suppose -z*o + o = 3*w - 443, 5*w - 2*o = 773. What is the tens digit of w?
5
Let j = -1897 - 17. Let u = -982 - j. What is the tens digit of u?
3
Let a be 16/(-88) + (-57)/(-11). Suppose -a*y + 343 = -s, 60 = -4*y + s + 334. What is the tens digit of y + 0*5/15?
6
Suppose 13 = 3*n - 17. Suppose 13*i - n*i = -i. Suppose -q - 20 + 66 = i. What is the tens digit of q?
4
Let b = 151 - 155. What is the hundreds digit of b/3 + (-15275)/(-15)?
0
Let l = 112079 + -36483. What is the tens digit of l?
9
Suppose -4*c + 8335 = 2*y - 129453, 0 = 5*y - 4*c - 344442. What is the ten thousands digit of y?
6
Suppose 65*f - 2621431 = 922629. What is the ten thousands digit of f?
5
Let n = 2902 - -4967. What is the tens digit of n?
6
Let l = 15695 - -12901. What is the tens digit of l?
9
What is the ten thousands digit of (-2)/15*1 - (-16043755)/975?
1
Let m(o) = 7*o - 226. Let z be m(31). What is the units digit of z/((-45)/(-25)) + 1064?
9
Suppose 4*x - 2*a = -0*a + 10, 4*a = -5*x + 6. Suppose 7*v = -x*v + 486. What is the units digit of v?
4
What is the units digit of (-3)/(18/(-8))*(-2503467)/(-558)?
2
Suppose -26*i + 294019 + 204794 - 58841 = 0. What is the tens digit of i?
2
Suppose 36*j - 806276 = -131*j. What is the units digit of j?
8
Suppose 4*q + 117 - 5 = 0. Suppose 42*x - 26*x + 48 = 0. What is the tens digit of (0 - x)*-1*q?
8
Let n(b) = -b**3 - 31*b**2 + 27*b + 51. Let l be n(-32). Let d = l - 51. What is the tens digit of d?
6
What is the tens digit of ((-356)/(-10))/(25/13500)?
2
Let i(h) = 13*h**3 - 118*h**2 - 9*h - 163. What is the thousands digit of i(13)?
8
Let v(d) = -3*d**2 - 4*d + 3. Let h be v(-1). What is the hundreds digit of (3 - h)*-767*1?
7
Suppose 17*y - 38864 = -p + 21*y, -5*y = -p + 38871. What is the hundreds digit of p?
8
Let y = -3150 - -12159. What is the tens digit of y?
0
Let c = -9544 - -18686. What is the thousands digit of c?
9
Suppose -60 = 4*m - 5*i + 2*i, 5*i - 34 = 3*m. Let j be (-5 - (-6785)/45) + (-4)/m. Let x = 274 - j. What is the units digit of x?
8
Let u = 171984 - 113897. What is the units digit of u?
7
Let o = -7836 - -14372. What is the hundreds digit of o?
5
Let m(v) = 158*v + 36. Let g be m(6). Suppose 1752 = 6*n - g. What is the hundreds digit of n?
4
Suppose 0 = -25*b + 7300 - 26000. Let u = b - -1500. What is the units digit of u?
2
Let z(w) = 66*w + 1. Suppose 4*x = 30 - 34. Let q be z(x). Let p = q + 89. What is the units digit of p?
4
Suppose 40 = 4*d - 3*n - 96, 0 = n. Suppose 0 = 4*r - d + 10. Let l(x) = 13*x + 5. What is the tens digit of l(r)?
8
Suppose -6*h = i - 11*h + 17, -2*h = -3*i - 25. Let y(s) = -3*s**2 + 2*s**3 + 37 + 8*s - 3*s**3 + s**2. What is the units digit of y(i)?
6
Let r be 51/85 - 9466/10. Let m = -665 - r. What is the units digit of m?
1
Let q = 28920 + -16355. What is the units digit of q?
5
Let t = 132 - 134. Let k(b) = -10*b + 10. What is the tens digit of k(t)?
3
Let d be 35079/(-9) - (-3)/((-36)/4). Let b be d/(-8) + (-24)/(-32). Let p = b + -260. What is the units digit of p?
8
Suppose -4*m + 137 = -343